{"id":29,"date":"2021-01-13T09:28:20","date_gmt":"2021-01-13T08:28:20","guid":{"rendered":"https:\/\/next.chemin-neuf.org.uk\/?page_id=29"},"modified":"2021-03-18T16:20:52","modified_gmt":"2021-03-18T15:20:52","slug":"mentions-legales","status":"publish","type":"page","link":"https:\/\/fraternite-politique.chemin-neuf.org\/fr\/mentions-legales\/","title":{"rendered":"Mentions l\u00e9gales"},"content":{"rendered":"\n<h4 class=\"wp-block-heading\"><strong>\u00c9diteur :<\/strong><\/h4>\n\n\n\n<p>Communaut\u00e9 du Chemin Neuf<br>59 mont\u00e9e du Chemin Neuf, 69005 Lyon \u2013 FRANCE<\/p>\n\n\n\n<h4 class=\"wp-block-heading\"><strong>Responsable \u00e9ditorial<\/strong>&nbsp;:<\/h4>\n\n\n\n<p>Prisca Horesnyi<\/p>\n\n\n\n<h4 class=\"wp-block-heading\"><strong>Webmestre<\/strong>&nbsp;:<\/h4>\n\n\n\n<p>Fr\u00e9d\u00e9ric Bourdeau<\/p>\n\n\n\n<h4 class=\"wp-block-heading\"><strong>D\u00e9veloppement web<\/strong>&nbsp;:<\/h4>\n\n\n\n<p>Communaut\u00e9 du Chemin Neuf<\/p>\n\n\n\n<h4 class=\"wp-block-heading\"><strong>H\u00e9bergeur<\/strong>&nbsp;:<\/h4>\n\n\n\n<p>O2Switch<\/p>\n\n\n\n<h4 class=\"wp-block-heading\"><strong>Cr\u00e9dits photographiques et vid\u00e9os<\/strong>&nbsp;:<\/h4>\n\n\n\n<p>Photos et vid\u00e9os : \u00a9 Communaut\u00e9 du Chemin Neuf, Images de&nbsp;<a href=\"https:\/\/pixabay.com\/\" target=\"_blank\" rel=\"noreferrer noopener\">Pixabay<\/a> et <a href=\"https:\/\/unsplash.com\/\" target=\"_blank\" rel=\"noreferrer noopener\">Unsplash<\/a><\/p>\n\n\n\n<h4 class=\"wp-block-heading\">Conditions d\u2019utilisation<\/h4>\n\n\n\n<p>Les droits d\u2019auteur du site sont r\u00e9serv\u00e9s \u00e0 la Communaut\u00e9 du Chemin Neuf. Il est donc prot\u00e9g\u00e9 par les lois internationales sur le droit&nbsp;d\u2019auteur et la protection de la propri\u00e9t\u00e9 intellectuelle. Il est strictement&nbsp;interdit de le reproduire, dans sa forme ou son contenu, totalement ou&nbsp;partiellement, sans un accord \u00e9crit du responsable \u00e9ditorial.<\/p>\n","protected":false},"excerpt":{"rendered":"<p>\u00c9diteur : Communaut\u00e9 du Chemin Neuf59 mont\u00e9e du Chemin Neuf, 69005 Lyon \u2013 FRANCE Responsable \u00e9ditorial&nbsp;: Prisca Horesnyi Webmestre&nbsp;: Fr\u00e9d\u00e9ric Bourdeau D\u00e9veloppement web&nbsp;: Communaut\u00e9 du Chemin Neuf H\u00e9bergeur&nbsp;: O2Switch Cr\u00e9dits photographiques et vid\u00e9os&nbsp;: Photos et vid\u00e9os : \u00a9 Communaut\u00e9 du Chemin Neuf, Images de&nbsp;Pixabay et Unsplash Conditions d\u2019utilisation Les droits d\u2019auteur du site sont r\u00e9serv\u00e9s [&hellip;]<\/p>\n","protected":false},"author":1,"featured_media":0,"parent":0,"menu_order":0,"comment_status":"closed","ping_status":"closed","template":"","meta":{"_acf_changed":false,"footnotes":""},"class_list":["post-29","page","type-page","status-publish","hentry"],"acf":[],"yoast_head":"<!-- This site is optimized with the Yoast SEO plugin v27.5 - https:\/\/yoast.com\/product\/yoast-seo-wordpress\/ -->\n<title>Mentions l\u00e9gales - Fraternit\u00e9 Politique de la Communaut\u00e9 du Chemin Neuf<\/title>\n<meta name=\"description\" content=\"\u00c9diteur : Communaut\u00e9 du Chemin Neuf59 mont\u00e9e du Chemin Neuf, 69005 Lyon \u2013 FRANCE Responsable \u00e9ditorial&nbsp;: Prisca Horesnyi Webmestre&nbsp;: Fr\u00e9d\u00e9ric\" \/>\n<meta name=\"robots\" content=\"index, follow, max-snippet:-1, max-image-preview:large, max-video-preview:-1\" \/>\n<link rel=\"canonical\" href=\"https:\/\/fraternite-politique.chemin-neuf.org\/fr\/mentions-legales\/\" \/>\n<meta property=\"og:locale\" content=\"fr_FR\" \/>\n<meta property=\"og:type\" content=\"article\" \/>\n<meta property=\"og:title\" content=\"Mentions l\u00e9gales - Fraternit\u00e9 Politique de la Communaut\u00e9 du Chemin Neuf\" \/>\n<meta property=\"og:description\" content=\"\u00c9diteur : Communaut\u00e9 du Chemin Neuf59 mont\u00e9e du Chemin Neuf, 69005 Lyon \u2013 FRANCE Responsable \u00e9ditorial&nbsp;: Prisca Horesnyi Webmestre&nbsp;: Fr\u00e9d\u00e9ric\" \/>\n<meta property=\"og:url\" content=\"https:\/\/fraternite-politique.chemin-neuf.org\/fr\/mentions-legales\/\" \/>\n<meta property=\"og:site_name\" content=\"Fraternit\u00e9 Politique de la Communaut\u00e9 du Chemin Neuf\" \/>\n<meta property=\"article:publisher\" content=\"https:\/\/www.facebook.com\/fratpolitiqueccn\" \/>\n<meta property=\"article:modified_time\" content=\"2021-03-18T15:20:52+00:00\" \/>\n<meta name=\"twitter:card\" content=\"summary_large_image\" \/>\n<meta name=\"twitter:label1\" content=\"Dur\u00e9e de lecture estim\u00e9e\" \/>\n\t<meta name=\"twitter:data1\" content=\"1 minute\" \/>\n<script type=\"application\/ld+json\" class=\"yoast-schema-graph\">{\"@context\":\"https:\\\/\\\/schema.org\",\"@graph\":[{\"@type\":\"WebPage\",\"@id\":\"https:\\\/\\\/fraternite-politique.chemin-neuf.org\\\/fr\\\/mentions-legales\\\/\",\"url\":\"https:\\\/\\\/fraternite-politique.chemin-neuf.org\\\/fr\\\/mentions-legales\\\/\",\"name\":\"Mentions l\u00e9gales - Fraternit\u00e9 Politique de la Communaut\u00e9 du Chemin Neuf\",\"isPartOf\":{\"@id\":\"https:\\\/\\\/fraternite-politique.chemin-neuf.org\\\/fr\\\/#website\"},\"datePublished\":\"2021-01-13T08:28:20+00:00\",\"dateModified\":\"2021-03-18T15:20:52+00:00\",\"description\":\"\u00c9diteur : Communaut\u00e9 du Chemin Neuf59 mont\u00e9e du Chemin Neuf, 69005 Lyon \u2013 FRANCE Responsable \u00e9ditorial&nbsp;: Prisca Horesnyi Webmestre&nbsp;: Fr\u00e9d\u00e9ric\",\"breadcrumb\":{\"@id\":\"https:\\\/\\\/fraternite-politique.chemin-neuf.org\\\/fr\\\/mentions-legales\\\/#breadcrumb\"},\"inLanguage\":\"fr-FR\",\"potentialAction\":[{\"@type\":\"ReadAction\",\"target\":[\"https:\\\/\\\/fraternite-politique.chemin-neuf.org\\\/fr\\\/mentions-legales\\\/\"]}]},{\"@type\":\"BreadcrumbList\",\"@id\":\"https:\\\/\\\/fraternite-politique.chemin-neuf.org\\\/fr\\\/mentions-legales\\\/#breadcrumb\",\"itemListElement\":[{\"@type\":\"ListItem\",\"position\":1,\"name\":\"Home\",\"item\":\"https:\\\/\\\/fraternite-politique.chemin-neuf.org\\\/fr\\\/\"},{\"@type\":\"ListItem\",\"position\":2,\"name\":\"Mentions l\u00e9gales\"}]},{\"@type\":\"WebSite\",\"@id\":\"https:\\\/\\\/fraternite-politique.chemin-neuf.org\\\/fr\\\/#website\",\"url\":\"https:\\\/\\\/fraternite-politique.chemin-neuf.org\\\/fr\\\/\",\"name\":\"Fraternit\u00e9 Politique de la Communaut\u00e9 du Chemin Neuf\",\"description\":\"La Fraternit\u00e9 Politique de la Communaut\u00e9 du Chemin Neuf\",\"publisher\":{\"@id\":\"https:\\\/\\\/fraternite-politique.chemin-neuf.org\\\/fr\\\/#organization\"},\"potentialAction\":[{\"@type\":\"SearchAction\",\"target\":{\"@type\":\"EntryPoint\",\"urlTemplate\":\"https:\\\/\\\/fraternite-politique.chemin-neuf.org\\\/fr\\\/?s={search_term_string}\"},\"query-input\":{\"@type\":\"PropertyValueSpecification\",\"valueRequired\":true,\"valueName\":\"search_term_string\"}}],\"inLanguage\":\"fr-FR\"},{\"@type\":\"Organization\",\"@id\":\"https:\\\/\\\/fraternite-politique.chemin-neuf.org\\\/fr\\\/#organization\",\"name\":\"Fraternit\u00e9 Politique Communaut\u00e9 du Chemin Neuf\",\"url\":\"https:\\\/\\\/fraternite-politique.chemin-neuf.org\\\/fr\\\/\",\"logo\":{\"@type\":\"ImageObject\",\"inLanguage\":\"fr-FR\",\"@id\":\"https:\\\/\\\/fraternite-politique.chemin-neuf.org\\\/fr\\\/#\\\/schema\\\/logo\\\/image\\\/\",\"url\":\"https:\\\/\\\/fraternite-politique.chemin-neuf.org\\\/wp-content\\\/uploads\\\/2021\\\/02\\\/cropped-ccn-png-onglet-site-v3-large.png\",\"contentUrl\":\"https:\\\/\\\/fraternite-politique.chemin-neuf.org\\\/wp-content\\\/uploads\\\/2021\\\/02\\\/cropped-ccn-png-onglet-site-v3-large.png\",\"width\":512,\"height\":512,\"caption\":\"Fraternit\u00e9 Politique Communaut\u00e9 du Chemin Neuf\"},\"image\":{\"@id\":\"https:\\\/\\\/fraternite-politique.chemin-neuf.org\\\/fr\\\/#\\\/schema\\\/logo\\\/image\\\/\"},\"sameAs\":[\"https:\\\/\\\/www.facebook.com\\\/fratpolitiqueccn\",\"https:\\\/\\\/instagram.com\\\/fratpo\",\"https:\\\/\\\/www.youtube.com\\\/channel\\\/UC6YodqkqOIniLyqOfjMLojw\"]}]}<\/script>\n<!-- \/ Yoast SEO plugin. -->","yoast_head_json":{"title":"Mentions l\u00e9gales - Fraternit\u00e9 Politique de la Communaut\u00e9 du Chemin Neuf","description":"\u00c9diteur : Communaut\u00e9 du Chemin Neuf59 mont\u00e9e du Chemin Neuf, 69005 Lyon \u2013 FRANCE Responsable \u00e9ditorial&nbsp;: Prisca Horesnyi Webmestre&nbsp;: Fr\u00e9d\u00e9ric","robots":{"index":"index","follow":"follow","max-snippet":"max-snippet:-1","max-image-preview":"max-image-preview:large","max-video-preview":"max-video-preview:-1"},"canonical":"https:\/\/fraternite-politique.chemin-neuf.org\/fr\/mentions-legales\/","og_locale":"fr_FR","og_type":"article","og_title":"Mentions l\u00e9gales - Fraternit\u00e9 Politique de la Communaut\u00e9 du Chemin Neuf","og_description":"\u00c9diteur : Communaut\u00e9 du Chemin Neuf59 mont\u00e9e du Chemin Neuf, 69005 Lyon \u2013 FRANCE Responsable \u00e9ditorial&nbsp;: Prisca Horesnyi Webmestre&nbsp;: Fr\u00e9d\u00e9ric","og_url":"https:\/\/fraternite-politique.chemin-neuf.org\/fr\/mentions-legales\/","og_site_name":"Fraternit\u00e9 Politique de la Communaut\u00e9 du Chemin Neuf","article_publisher":"https:\/\/www.facebook.com\/fratpolitiqueccn","article_modified_time":"2021-03-18T15:20:52+00:00","twitter_card":"summary_large_image","twitter_misc":{"Dur\u00e9e de lecture estim\u00e9e":"1 minute"},"schema":{"@context":"https:\/\/schema.org","@graph":[{"@type":"WebPage","@id":"https:\/\/fraternite-politique.chemin-neuf.org\/fr\/mentions-legales\/","url":"https:\/\/fraternite-politique.chemin-neuf.org\/fr\/mentions-legales\/","name":"Mentions l\u00e9gales - Fraternit\u00e9 Politique de la Communaut\u00e9 du Chemin Neuf","isPartOf":{"@id":"https:\/\/fraternite-politique.chemin-neuf.org\/fr\/#website"},"datePublished":"2021-01-13T08:28:20+00:00","dateModified":"2021-03-18T15:20:52+00:00","description":"\u00c9diteur : Communaut\u00e9 du Chemin Neuf59 mont\u00e9e du Chemin Neuf, 69005 Lyon \u2013 FRANCE Responsable \u00e9ditorial&nbsp;: Prisca Horesnyi Webmestre&nbsp;: Fr\u00e9d\u00e9ric","breadcrumb":{"@id":"https:\/\/fraternite-politique.chemin-neuf.org\/fr\/mentions-legales\/#breadcrumb"},"inLanguage":"fr-FR","potentialAction":[{"@type":"ReadAction","target":["https:\/\/fraternite-politique.chemin-neuf.org\/fr\/mentions-legales\/"]}]},{"@type":"BreadcrumbList","@id":"https:\/\/fraternite-politique.chemin-neuf.org\/fr\/mentions-legales\/#breadcrumb","itemListElement":[{"@type":"ListItem","position":1,"name":"Home","item":"https:\/\/fraternite-politique.chemin-neuf.org\/fr\/"},{"@type":"ListItem","position":2,"name":"Mentions l\u00e9gales"}]},{"@type":"WebSite","@id":"https:\/\/fraternite-politique.chemin-neuf.org\/fr\/#website","url":"https:\/\/fraternite-politique.chemin-neuf.org\/fr\/","name":"Fraternit\u00e9 Politique de la Communaut\u00e9 du Chemin Neuf","description":"La Fraternit\u00e9 Politique de la Communaut\u00e9 du Chemin Neuf","publisher":{"@id":"https:\/\/fraternite-politique.chemin-neuf.org\/fr\/#organization"},"potentialAction":[{"@type":"SearchAction","target":{"@type":"EntryPoint","urlTemplate":"https:\/\/fraternite-politique.chemin-neuf.org\/fr\/?s={search_term_string}"},"query-input":{"@type":"PropertyValueSpecification","valueRequired":true,"valueName":"search_term_string"}}],"inLanguage":"fr-FR"},{"@type":"Organization","@id":"https:\/\/fraternite-politique.chemin-neuf.org\/fr\/#organization","name":"Fraternit\u00e9 Politique Communaut\u00e9 du Chemin Neuf","url":"https:\/\/fraternite-politique.chemin-neuf.org\/fr\/","logo":{"@type":"ImageObject","inLanguage":"fr-FR","@id":"https:\/\/fraternite-politique.chemin-neuf.org\/fr\/#\/schema\/logo\/image\/","url":"https:\/\/fraternite-politique.chemin-neuf.org\/wp-content\/uploads\/2021\/02\/cropped-ccn-png-onglet-site-v3-large.png","contentUrl":"https:\/\/fraternite-politique.chemin-neuf.org\/wp-content\/uploads\/2021\/02\/cropped-ccn-png-onglet-site-v3-large.png","width":512,"height":512,"caption":"Fraternit\u00e9 Politique Communaut\u00e9 du Chemin Neuf"},"image":{"@id":"https:\/\/fraternite-politique.chemin-neuf.org\/fr\/#\/schema\/logo\/image\/"},"sameAs":["https:\/\/www.facebook.com\/fratpolitiqueccn","https:\/\/instagram.com\/fratpo","https:\/\/www.youtube.com\/channel\/UC6YodqkqOIniLyqOfjMLojw"]}]}},"_links":{"self":[{"href":"https:\/\/fraternite-politique.chemin-neuf.org\/fr\/wp-json\/wp\/v2\/pages\/29","targetHints":{"allow":["GET"]}}],"collection":[{"href":"https:\/\/fraternite-politique.chemin-neuf.org\/fr\/wp-json\/wp\/v2\/pages"}],"about":[{"href":"https:\/\/fraternite-politique.chemin-neuf.org\/fr\/wp-json\/wp\/v2\/types\/page"}],"author":[{"embeddable":true,"href":"https:\/\/fraternite-politique.chemin-neuf.org\/fr\/wp-json\/wp\/v2\/users\/1"}],"replies":[{"embeddable":true,"href":"https:\/\/fraternite-politique.chemin-neuf.org\/fr\/wp-json\/wp\/v2\/comments?post=29"}],"version-history":[{"count":3,"href":"https:\/\/fraternite-politique.chemin-neuf.org\/fr\/wp-json\/wp\/v2\/pages\/29\/revisions"}],"predecessor-version":[{"id":1884,"href":"https:\/\/fraternite-politique.chemin-neuf.org\/fr\/wp-json\/wp\/v2\/pages\/29\/revisions\/1884"}],"wp:attachment":[{"href":"https:\/\/fraternite-politique.chemin-neuf.org\/fr\/wp-json\/wp\/v2\/media?parent=29"}],"curies":[{"name":"wp","href":"https:\/\/api.w.org\/{rel}","templated":true}]}}

Mentions légales

<h4 class="wp-block-heading"><strong>Éditeur :</strong></h4>



<p>Communauté du Chemin Neuf<br>59 montée du Chemin Neuf, 69005 Lyon – FRANCE</p>



<h4 class="wp-block-heading"><strong>Responsable éditorial</strong>&nbsp;:</h4>



<p>Prisca Horesnyi</p>



<h4 class="wp-block-heading"><strong>Webmestre</strong>&nbsp;:</h4>



<p>Frédéric Bourdeau</p>



<h4 class="wp-block-heading"><strong>Développement web</strong>&nbsp;:</h4>



<p>Communauté du Chemin Neuf</p>



<h4 class="wp-block-heading"><strong>Hébergeur</strong>&nbsp;:</h4>



<p>O2Switch</p>



<h4 class="wp-block-heading"><strong>Crédits photographiques et vidéos</strong>&nbsp;:</h4>



<p>Photos et vidéos : © Communauté du Chemin Neuf, Images de&nbsp;<a href="https://pixabay.com/" target="_blank" rel="noreferrer noopener">Pixabay</a> et <a href="https://unsplash.com/" target="_blank" rel="noreferrer noopener">Unsplash</a></p>



<h4 class="wp-block-heading">Conditions d’utilisation</h4>



<p>Les droits d’auteur du site sont réservés à la Communauté du Chemin Neuf. Il est donc protégé par les lois internationales sur le droit&nbsp;d’auteur et la protection de la propriété intellectuelle. Il est strictement&nbsp;interdit de le reproduire, dans sa forme ou son contenu, totalement ou&nbsp;partiellement, sans un accord écrit du responsable éditorial.</p>

<p>Éditeur : Communauté du Chemin Neuf59 montée du Chemin Neuf, 69005 Lyon – FRANCE Responsable éditorial&nbsp;: Prisca Horesnyi Webmestre&nbsp;: Frédéric Bourdeau Développement web&nbsp;: Communauté du Chemin Neuf Hébergeur&nbsp;: O2Switch Crédits photographiques et vidéos&nbsp;: Photos et vidéos : © Communauté du Chemin Neuf, Images de&nbsp;Pixabay et Unsplash Conditions d’utilisation Les droits d’auteur du site sont réservés [&hellip;]</p>

<!-- This site is optimized with the Yoast SEO plugin v27.5 - https://yoast.com/product/yoast-seo-wordpress/ -->
<title>Mentions légales - Fraternité Politique de la Communauté du Chemin Neuf</title>
<meta name="description" content="Éditeur : Communauté du Chemin Neuf59 montée du Chemin Neuf, 69005 Lyon – FRANCE Responsable éditorial&nbsp;: Prisca Horesnyi Webmestre&nbsp;: Frédéric" />
<meta name="robots" content="index, follow, max-snippet:-1, max-image-preview:large, max-video-preview:-1" />
<link rel="canonical" href="https://fraternite-politique.chemin-neuf.org/fr/mentions-legales/" />
<meta property="og:locale" content="fr_FR" />
<meta property="og:type" content="article" />
<meta property="og:title" content="Mentions légales - Fraternité Politique de la Communauté du Chemin Neuf" />
<meta property="og:description" content="Éditeur : Communauté du Chemin Neuf59 montée du Chemin Neuf, 69005 Lyon – FRANCE Responsable éditorial&nbsp;: Prisca Horesnyi Webmestre&nbsp;: Frédéric" />
<meta property="og:url" content="https://fraternite-politique.chemin-neuf.org/fr/mentions-legales/" />
<meta property="og:site_name" content="Fraternité Politique de la Communauté du Chemin Neuf" />
<meta property="article:publisher" content="https://www.facebook.com/fratpolitiqueccn" />
<meta property="article:modified_time" content="2021-03-18T15:20:52+00:00" />
<meta name="twitter:card" content="summary_large_image" />
<meta name="twitter:label1" content="Durée de lecture estimée" />
	<meta name="twitter:data1" content="1 minute" />
<script type="application/ld+json" class="yoast-schema-graph">{"@context":"https:\/\/schema.org","@graph":[{"@type":"WebPage","@id":"https:\/\/fraternite-politique.chemin-neuf.org\/fr\/mentions-legales\/","url":"https:\/\/fraternite-politique.chemin-neuf.org\/fr\/mentions-legales\/","name":"Mentions légales - Fraternité Politique de la Communauté du Chemin Neuf","isPartOf":{"@id":"https:\/\/fraternite-politique.chemin-neuf.org\/fr\/#website"},"datePublished":"2021-01-13T08:28:20+00:00","dateModified":"2021-03-18T15:20:52+00:00","description":"Éditeur : Communauté du Chemin Neuf59 montée du Chemin Neuf, 69005 Lyon – FRANCE Responsable éditorial&nbsp;: Prisca Horesnyi Webmestre&nbsp;: Frédéric","breadcrumb":{"@id":"https:\/\/fraternite-politique.chemin-neuf.org\/fr\/mentions-legales\/#breadcrumb"},"inLanguage":"fr-FR","potentialAction":[{"@type":"ReadAction","target":["https:\/\/fraternite-politique.chemin-neuf.org\/fr\/mentions-legales\/"]}]},{"@type":"BreadcrumbList","@id":"https:\/\/fraternite-politique.chemin-neuf.org\/fr\/mentions-legales\/#breadcrumb","itemListElement":[{"@type":"ListItem","position":1,"name":"Home","item":"https:\/\/fraternite-politique.chemin-neuf.org\/fr\/"},{"@type":"ListItem","position":2,"name":"Mentions légales"}]},{"@type":"WebSite","@id":"https:\/\/fraternite-politique.chemin-neuf.org\/fr\/#website","url":"https:\/\/fraternite-politique.chemin-neuf.org\/fr\/","name":"Fraternité Politique de la Communauté du Chemin Neuf","description":"La Fraternité Politique de la Communauté du Chemin Neuf","publisher":{"@id":"https:\/\/fraternite-politique.chemin-neuf.org\/fr\/#organization"},"potentialAction":[{"@type":"SearchAction","target":{"@type":"EntryPoint","urlTemplate":"https:\/\/fraternite-politique.chemin-neuf.org\/fr\/?s={search_term_string}"},"query-input":{"@type":"PropertyValueSpecification","valueRequired":true,"valueName":"search_term_string"}}],"inLanguage":"fr-FR"},{"@type":"Organization","@id":"https:\/\/fraternite-politique.chemin-neuf.org\/fr\/#organization","name":"Fraternité Politique Communauté du Chemin Neuf","url":"https:\/\/fraternite-politique.chemin-neuf.org\/fr\/","logo":{"@type":"ImageObject","inLanguage":"fr-FR","@id":"https:\/\/fraternite-politique.chemin-neuf.org\/fr\/#\/schema\/logo\/image\/","url":"https:\/\/fraternite-politique.chemin-neuf.org\/wp-content\/uploads\/2021\/02\/cropped-ccn-png-onglet-site-v3-large.png","contentUrl":"https:\/\/fraternite-politique.chemin-neuf.org\/wp-content\/uploads\/2021\/02\/cropped-ccn-png-onglet-site-v3-large.png","width":512,"height":512,"caption":"Fraternité Politique Communauté du Chemin Neuf"},"image":{"@id":"https:\/\/fraternite-politique.chemin-neuf.org\/fr\/#\/schema\/logo\/image\/"},"sameAs":["https:\/\/www.facebook.com\/fratpolitiqueccn","https:\/\/instagram.com\/fratpo","https:\/\/www.youtube.com\/channel\/UC6YodqkqOIniLyqOfjMLojw"]}]}</script>
<!-- / Yoast SEO plugin. -->

Mentions légales - Fraternité Politique de la Communauté du Chemin Neuf

Éditeur : Communauté du Chemin Neuf59 montée du Chemin Neuf, 69005 Lyon – FRANCE Responsable éditorial&nbsp;: Prisca Horesnyi Webmestre&nbsp;: Frédéric

Fraternité Politique de la Communauté du Chemin Neuf

La Fraternité Politique de la Communauté du Chemin Neuf

Fraternité Politique Communauté du Chemin Neuf
